 + 3598684. Calculate r(18).
-2
Let k(t) = 731422*t - 37302514. Give k(51).
8
Let k(z) = 2*z**3 - 41*z**2 - 127*z + 4174. Give k(16).
-162
Let i(z) = -z**3 - 4*z**2 + 130*z + 896. Determine i(-8).
112
Let b(o) = -o**3 + 13*o**2 + 39*o - 684. Determine b(10).
6
Let v(o) = 39531*o + 1462573. Calculate v(-37).
-74
Let n(p) = -p**3 + 29*p**2 + 61*p - 2496. Calculate n(28).
-4
Let v(i) = 46*i**2 + 361*i + 695. Give v(-4).
-13
Let m(w) = 4098*w**2 - 20531*w + 8. What is m(5)?
-197
Let k(d) = -734*d + 128228. What is k(173)?
1246
Let m(y) = 243*y**2 - 964*y - 16. Give m(4).
16
Let p(a) = -425*a - 123284. What is p(-290)?
-34
Let x(q) = -q**3 - 96*q**2 - 82*q + 1171. Determine x(-95).
-64
Let w(s) = 12268*s - 120775. What is w(10)?
1905
Let v(p) = 3*p**2 + 21*p - 5534. What is v(-47)?
106
Let y(r) = -30*r**2 + 1855*r + 271. Give y(62).
-39
Let j(f) = -6*f**2 + 4284*f - 103362. Calculate j(25).
-12
Let a(s) = 23*s**2 + 154*s - 191. Calculate a(-8).
49
Let k(l) = 10*l**3 + 1108*l - 1110. Determine k(1).
8
Let k(t) = -3*t**3 - 12*t**2 - 527*t - 2703. Calculate k(-5).
7
Let n(a) = 3*a**2 - 626*a - 8224. Calculate n(-14).
1128
Let l(b) = -b**2 - 2638*b + 21000. Determine l(8).
-168
Let o(g) = -2*g**2 + 12542*g - 262473. Give o(21).
27
Let d(u) = u**3 + 3*u**2 + 3686*u + 14756. Calculate d(-4).
-4
Let h(o) = 1890*o - 3670. Calculate h(2).
110
Let a(j) = -2*j**2 + 8628*j + 676163. Calculate a(-77).
-51
Let y(r) = 90*r + 11053. Determine y(-123).
-17
Let v(c) = c**3 + 6*c**2 - 1524*c + 477. Calculate v(36).
45
Let w(v) = -2*v**2 - 4707*v - 28165. Determine w(-6).
5
Let c(b) = -b**2 - 168*b - 2716. Give c(-18).
-16
Let k(d) = -4*d**3 + 35*d**2 + 466*d + 59. Calculate k(16).
91
Let n(u) = -2*u**2 - 830*u + 13002. Determine n(15).
102
Let p(j) = 48*j**2 - 47*j - 88. Give p(-4).
868
Let u(s) = 2*s**2 - 8527*s - 8527. Give u(-1).
2
Let p(q) = 62*q**2 + 277*q - 394. Determine p(-5).
-229
Let l(p) = p**2 - 54132*p + 487122. Calculate l(9).
15
Let k(s) = 2407*s - 38613. What is k(16)?
-101
Let u(m) = 200012*m + 3400206. What is u(-17)?
2
Let z(r) = -r**3 - 10*r**2 + 42*r + 88. What is z(5)?
-77
Let f(h) = 32735*h + 360087. What is f(-11)?
2
Let o(a) = 63*a**2 + 777*a + 277. Give o(-12).
25
Let u(k) = 13*k**3 + 71*k**2 - 92*k - 253. Calculate u(-6).
47
Let y(m) = 14*m**2 + 157*m + 313. What is y(-2)?
55
Let p(d) = -160*d - 4743. Calculate p(-38).
1337
Let j(s) = 2*s**3 + 61*s**2 - 205*s - 5399. Determine j(-31).
-5
Let y(a) = 224*a**2 + 12774*a - 12655. Calculate y(-58).
-11
Let r(i) = 2107*i - 40018. Calculate r(19).
15
Let c(g) = -g**3 + 51*g**2 + 91*g + 777. Give c(53).
-18
Let h(n) = -56828*n - 5000859. Give h(-88).
5
Let p(k) = -12*k**3 + 100*k**2 + 4*k + 69. Determine p(8).
357
Let z(j) = -599*j - 5. Give z(0).
-5
Let y(b) = -4*b**2 + 236*b + 387. Determine y(60).
147
Let b(p) = -2*p**3 - 20*p**2 - 272*p - 5373. Determine b(-14).
3
Let x(a) = -252*a**2 + 2061*a - 2072. What is x(7)?
7
Let u(x) = 4477*x - 590954. Give u(132).
10
Let b(i) = 17*i**3 + i**2 - 155*i - 22. What is b(-3)?
-7
Let m(h) = 3*h**3 + 68*h**2 - 14*h + 26. Give m(-23).
-181
Let o(w) = 664*w - 60099. Determine o(90).
-339
Let u(n) = n**3 + 11*n**2 + 40*n + 157. Calculate u(-9).
-41
Let v(i) = i**2 + 171*i + 7953. Give v(-82).
655
Let y(f) = -533*f - 11639. What is y(-14)?
-4177
Let a(r) = -2*r**3 + 6*r**2 + 109*r - 728. What is a(11)?
-1465
Let v(y) = y**3 - 151*y**2 + 686*y + 46370. Give v(144).
2
Let s(w) = -11*w**2 - 518*w - 325. Give s(-44).
1171
Let w(t) = 3734*t - 44868. Calculate w(12).
-60
Let p(b) = -152*b - 1599. Give p(-12).
225
Let d(a) = 287*a + 3244. Determine d(-11).
87
Let v(u) = 2*u**3 + 235*u**2 + 43*u - 8647. Calculate v(-117).
11
Let b(m) = m**2 + 266*m - 263235. Determine b(397).
-24
Let f(o) = o**2 - 2615*o - 39418. Calculate f(-15).
32
Let b(h) = 32337*h + 129378. Calculate b(-4).
30
Let l(u) = 5*u**3 + 3737*u**2 - 21096*u - 9028. Calculate l(-753).
8
Let t(o) = 1874*o - 342932. Determine t(183).
10
Let b(c) = -108698*c + 1630455. Determine b(15).
-15
Let f(g) = -413*g**3 - g**2 + 1111*g + 2219. Calculate f(-2).
3297
Let j(i) = 2*i**3 + 45*i**2 - 4*i - 285. Calculate j(-22).
287
Let b(f) = -68*f - 7194. Calculate b(-74).
-2162
Let x(f) = -801*f**2 + 3525*f - 4. Determine x(5).
-2404
Let s(i) = 6259*i**2 - 11878*i - 3. Determine s(2).
1277
Let f(l) = 17221*l - 16761. What is f(1)?
460
Let k(a) = -8*a**3 + 3*a**2 + 192*a + 574. Give k(-3).
241
Let l(h) = -5*h**3 - 7*h**2 - 5*h - 42. Calculate l(-8).
2110
Let u(y) = -y**3 - 4*y**2 + 67*y + 198. Give u(-10).
128
Let l(s) = -s**3 + 139*s**2 - 4696*s - 185. What is l(81)?
-23
Let p(f) = 16*f**3 - 17*f**2 + 58*f - 81. Give p(3).
372
Let n(o) = 123*o - 1131. What is n(23)?
1698
Let l(s) = 421*s - 7446. What is l(18)?
132
Let u(a) = 2*a**3 - 83*a**2 + 850*a + 18. Calculate u(17).
307
Let v(t) = -5*t**3 + 464*t**2 + 80*t - 4149. Give v(93).
-5358
Let l(i) = i**3 + 12*i**2 - 180*i - 1614. What is l(-13)?
557
Let b(l) = -267*l**2 + 6677*l - 200. Determine b(25).
-150
Let x(l) = 494*l**2 - 124*l - 137. Determine x(1).
233
Let g(x) = -x**2 + 3652*x - 69047. What is g(19)?
-20
Let s(v) = 7674*v + 15371. Determine s(-2).
23
Let s(z) = 26*z**2 - 430*z + 12. What is s(15)?
-588
Let x(g) = 442*g - 2207. Calculate x(5).
3
Let o(j) = 2*j**2 + 757*j - 190088. Determine o(-551).
7
Let t(q) = 836*q - 5905. What is t(7)?
-53
Let a(q) = q**3 + 443*q**2 + 2586*q - 206. Calculate a(-6).
10
Let x(j) = 77375*j - 9671876. Calculate x(125).
-1
Let s(h) = h**3 + 764*h**2 - 4226*h - 292977. Calculate s(-769).
12
Let o(y) = 117*y**2 - 9. Determine o(-1).
108
Let w(p) = p**3 - 54*p**2 + 297*p - 431. Give w(48).
1
Let d(w) = 7*w**2 + 634*w - 5796. What is d(-99)?
45
Let q(c) = -224*c**2 + 1410*c + 30838. What is q(-9)?
4
Let s(p) = 44*p**3 + 324*p**2 + 322*p - 2. Give s(-1).
-44
Let m(p) = -p**3 + 101*p**2 - 165*p - 3146. Determine m(99).
121
Let r(z) = -52650*z + 1263484. Give r(24).
-116
Let m(n) = -11*n**2 - 930*n - 17417. Give m(-28).
-1
Let i(d) = 340*d**2 - 358*d - 359. Determine i(-1).
339
Let s(w) = 1046*w + 231161. Calculate s(-221).
-5
Let z(p) = -53703*p + 6122141. What is z(114)?
-1
Let q(n) = -434*n - 542. Calculate q(-1).
-108
Let g(h) = -16*h**3 - 4*h**2 - 516*h - 1004. Determine g(-2).
140
Let j(v) = v**3 + 81*v**2 + 286*v + 23534. What is j(-81)?
368
Let n(x) = 2706*x - 62188. Calculate n(23).
50
Let m(b) = -12*b**3 - 119*b**2 + 191*b + 548. Give m(-11).
20
Let m(i) = -19*i**3 - 325*i**2 - 148*i - 1922. Determine m(-17).
16
Let g(y) = y**2 + 219*y + 2849. Determine g(-17).
-585
Let q(f) = 59171*f - 118321. What is q(2)?
21
Let t(s) = s**2 - 7551*s - 75614. Calculate t(-10).
-4
Let v(f) = 84*f**2 + 809*f - 65. What is v(-10)?
245
Let i(u) = -1992*u + 302761. What is i(152)?
-23
Let g(w) = -20*w**2 - 145*w + 39. Calculate g(-4).
299
Let f(l) = l**3 + 277*l**2 - 1645*l - 322. Give f(6).
-4
Let s(v) = -3*v**2 - 8873*v + 17743. Calculate s(2).
-15
Let r(p) = 10484*p + 125764. Give r(-12).
-44
Let h(f) = -f**3 - 282*f**2 - 479*f + 167. What is h(-2)?
5
Let a(u) = -2*u**2 + 142*u - 128. Calculate a(79).
-1392
Let d(g) = 784*g - 1910. Calculate d(3).
442
Let z(s) = 18796*s + 91. What is z(0)?
91
Let q(t) = -6*t**2 + 5349*t + 498029. Give q(-85).
14
Let s(j) = -j**3 + 13846*j**2 + 27671*j - 41. Give s(-2).
9
Let i(h) = -h**3 - 7*h**2 - 1238. Give i(0).
-1238
Let i(n) = -3*n**2 + 246*n - 354. Determine i(80).
126
Let x(l) = 413*l**3 + 1240*l**2 + 8*l + 6. Give x(-3).
-9
Let w(l) = -8298*l + 108023. Determine w(13).
149
Let x(p) = p**3 + 68*p**2 + 64*p - 4600. What is x(-66)?
-112
Let n(y) = 2*y**2 - 83*y - 543. Give n(42).
-501
Let h(i) = 2808*i**2 + 30837*i - 12. Give h(-11).
549
Let c(o) = -3*o**3 - 628*o**2 + 2953*o - 9178. Determine c(-214).
24
Let q(b) = b**2 - 587*b + 26134. Determine q(46).
1248
Let m(n) = n**3 - 130*n**2 + 1127*n - 18480. Calculate m(122).
-58
Let a(y) = 7*y**2 + 326*y + 2577. What is a(-34)?
-415
Let r(g) = -10078*g + 382962. What is r(38)?
-2
Let i(t) = -8517*t**2 + 485468*t + 67. Calculate i(57).
10
Let a(l) = l**2 + 909*l - 3637. Determine a(4).
15
Let i(z) = z**2 - 34978*z + 6298259. Give i(181).
2
Let x(p) = 8*p**3 - 168*p**2 - 688*p + 14479. Determine x(21).
31
Let k(a) = -2*a**3 + 28*a**2 + 26*a + 621. What is k(1